
{"id":65,"date":"2009-09-04T16:51:44","date_gmt":"2009-09-04T15:51:44","guid":{"rendered":"http:\/\/68590.webhosting25.1blu.de\/eineweltladen\/?page_id=65"},"modified":"2022-12-18T19:28:40","modified_gmt":"2022-12-18T18:28:40","slug":"aktuelles","status":"publish","type":"page","link":"https:\/\/www.weltladen-suhl.de\/?page_id=65","title":{"rendered":"Aktuelles"},"content":{"rendered":"\n<p>Wir w\u00fcrden uns \u00fcber neue Mitarbeiter freuen. Wenn Sie Interesse und Zeit haben,<br>uns &#8211; ehrenamtlich &#8211; zu unterst\u00fctzen, sprechen Sie uns an.<\/p>\n\n\n\n<p><\/p>\n\n\n\n<p><\/p>\n\n\n\n<p><\/p>\n","protected":false},"excerpt":{"rendered":"<p>Wir w\u00fcrden uns \u00fcber neue Mitarbeiter freuen. Wenn Sie Interesse und Zeit haben,uns &#8211; ehrenamtlich &#8211; zu unterst\u00fctzen, sprechen Sie uns an.<\/p>\n","protected":false},"author":1,"featured_media":0,"parent":0,"menu_order":0,"comment_status":"closed","ping_status":"closed","template":"","meta":{"footnotes":""},"class_list":["post-65","page","type-page","status-publish","hentry"],"_links":{"self":[{"href":"https:\/\/www.weltladen-suhl.de\/index.php?rest_route=\/wp\/v2\/pages\/65","targetHints":{"allow":["GET"]}}],"collection":[{"href":"https:\/\/www.weltladen-suhl.de\/index.php?rest_route=\/wp\/v2\/pages"}],"about":[{"href":"https:\/\/www.weltladen-suhl.de\/index.php?rest_route=\/wp\/v2\/types\/page"}],"author":[{"embeddable":true,"href":"https:\/\/www.weltladen-suhl.de\/index.php?rest_route=\/wp\/v2\/users\/1"}],"replies":[{"embeddable":true,"href":"https:\/\/www.weltladen-suhl.de\/index.php?rest_route=%2Fwp%2Fv2%2Fcomments&post=65"}],"version-history":[{"count":173,"href":"https:\/\/www.weltladen-suhl.de\/index.php?rest_route=\/wp\/v2\/pages\/65\/revisions"}],"predecessor-version":[{"id":1803,"href":"https:\/\/www.weltladen-suhl.de\/index.php?rest_route=\/wp\/v2\/pages\/65\/revisions\/1803"}],"wp:attachment":[{"href":"https:\/\/www.weltladen-suhl.de\/index.php?rest_route=%2Fwp%2Fv2%2Fmedia&parent=65"}],"curies":[{"name":"wp","href":"https:\/\/api.w.org\/{rel}","templated":true}]}}